*s, 0 = 10*i - 14*i + 5*s + 56. Calculate the greatest common factor of i and 9.
9
Let n(z) = 5*z + 46. Let o be n(-8). Suppose 0 = 5*k - 112 - 223. Let p = 121 - k. Calculate the greatest common factor of o and p.
6
Let q be ((-4)/(-8))/((26/648)/13). Suppose -6 = s - 24. Calculate the highest common factor of s and q.
18
Let v(g) = -11 - 8*g + 11 + 6. Let n be v(-3). Calculate the greatest common divisor of 6 and n.
6
Let y = 384 - -123. What is the greatest common divisor of y and 39?
39
Let r(u) = -u**3 - 4*u**2 + 9*u - 8. Let l be r(-6). What is the greatest common factor of 270 and l?
10
Suppose -24354 = 4*j - 37*j. Calculate the highest common factor of 82 and j.
82
Let n = 537 + -392. What is the highest common divisor of n and 15?
5
Suppose -232 = -14*a + 6*a. Calculate the highest common divisor of a and 261.
29
Let a = 67 - 35. Suppose -2*d = -32 - a. Calculate the greatest common factor of d and 160.
32
Suppose 0 = 569*g - 557*g - 7644. Calculate the highest common factor of g and 98.
49
Suppose 4*h - 358 = -2*g, 3*g = 6 + 3. Suppose 3*d + d = h. Suppose 3*x - 5*x + 376 = -4*w, 2*x = 3*w + 381. What is the highest common factor of d and x?
22
Let q(k) = 3*k**2 + 13*k - 2. Let n be q(-6). Let g be (n/(-12))/(1/(-3)). Calculate the greatest common factor of 77 and g.
7
Let v be (-2)/(((-4)/8)/(1/2)). Let l be v*1 - 8/16*-32. Calculate the highest common divisor of l and 198.
18
Suppose 7*t - 11*t = -8. Suppose 2 = -t*b + 74. Let i(y) = -16*y - 122. Let r be i(-11). Calculate the greatest common factor of r and b.
18
Let t(h) = 3*h**2 - 4*h + 1. Let g be t(-3). Let x be (34 - (-5 - -1))/(-1). Let b = x + 54. What is the greatest common factor of g and b?
8
Let j = 40 - 24. Let p = 18 - j. Let k be p/2 + (2 - -4). What is the highest common divisor of 35 and k?
7
Suppose 15*h = 20*h - 15. Suppose -h = -d + 1. Suppose 0 = -0*m - d*m + 168. Calculate the highest common factor of 105 and m.
21
Let q = -388 - -390. Let h(k) = -k - 2. Let m be h(-3). What is the greatest common divisor of m and q?
1
Let f(o) = -o**2 - 5*o + 3. Let r be f(-5). Suppose -3*i = 2 - 53. Suppose -5*c - 25 = -3*s - 2*s, -s = r*c - i. What is the highest common factor of s and 72?
8
Suppose -66 = -4*y + 2*x - 18, 4*y = -5*x + 48. What is the greatest common divisor of y and 18?
6
Let s be (0/(-3) - 0)/2 + 21. Suppose -s*l = -182 - 28. Let t(d) = 2*d**2 + 4*d - 1. Let m be t(-4). Calculate the highest common factor of m and l.
5
Suppose 0*j + 4*s = 4*j + 4, 3*s = -3*j + 21. Suppose 2*c + 5*r - 113 = 0, -j*c - 2*r + 137 = -r. Let f = 4 - 0. What is the highest common factor of f and c?
4
Suppose 2*t - 5*t - 3*y + 240 = 0, 3*t + y = 248. Calculate the highest common factor of t and 63.
21
Let o be 2 + (-1 - 1*-5). Let y = -68 + 41. Let p = -12 - y. Calculate the highest common divisor of p and o.
3
Let g be 6/36*27*70. What is the highest common divisor of 90 and g?
45
Let a = 0 - -1. Let p be -9 + -2 - (-3)/a. Let t = 16 + p. What is the highest common factor of 12 and t?
4
Let q = 640 + -627. Let s(c) = c**2 + 4*c + 5. Let j be s(-4). Suppose -j = 2*o - 161. What is the highest common factor of q and o?
13
Let i(w) = -w**3 + 14*w**2 - 37*w + 18. Let y be i(8). What is the greatest common factor of 6 and y?
2
Let c(l) = -216*l - 483. Let p be c(-12). Calculate the highest common factor of 57 and p.
57
Let h(a) = -a**2 + 20*a - 39. Suppose r + 5*f = -0 + 10, 2*r - 5*f - 5 = 0. Let p be h(r). Calculate the greatest common factor of p and 90.
18
Let k = 32 - 29. Suppose -3*d + 10 = -0*w - w, 0 = -4*d + k*w + 15. Suppose -d*n + 9 = -45. Calculate the greatest common factor of n and 9.
9
Let y = 1 + -10. Let s be ((-14)/6 + 3)*y. Let x(m) = -3*m - 6. Let p be x(s). Calculate the greatest common divisor of p and 36.
12
Let v(f) be the first derivative of f**3 + 15*f**2/2 + 3*f + 9. Let z be v(-7). Calculate the greatest common factor of z and 9.
9
Suppose -4*r - 2*t = -2*r - 8, -3*r + 15 = 2*t. Let k be -49*(8 + (-72)/8). Calculate the highest common divisor of r and k.
7
Suppose -d + 446 = 2*n, 4*d = 3*n - 533 - 147. What is the highest common divisor of 168 and n?
56
Let v(y) = -y + 230. Let w be v(-23). What is the greatest common factor of w and 69?
23
Let f be -1 - (-28 - 0)*1. Let l(k) = k**2 - 4*k - 7. Let i be l(6). Suppose i*g = 43 + f. What is the highest common divisor of 14 and g?
14
Suppose -229*h = -221*h - 384. What is the greatest common factor of 192 and h?
48
Let m(q) = -10*q - 11. Let u be m(-6). What is the highest common factor of u and 7?
7
Let q be (27/(-3))/(2/(-26)). Let s = 222 + -209. What is the greatest common factor of q and s?
13
Let w be (532/(-6) + -8)*-3. Calculate the highest common divisor of 116 and w.
58
Suppose -9 = -3*r + 24. Suppose -2*x = -154 + 110. What is the greatest common factor of x and r?
11
Let f be -3 - 2/(5/(25/(-10))). Let r = -1 - -7. Let l be 3*((-52)/r)/f. Calculate the greatest common factor of l and 104.
13
Let q be (-26)/(-273) + (-19524)/(-63). Calculate the highest common factor of 62 and q.
62
Let u be -3*((-636)/9 - 0). What is the highest common divisor of u and 4?
4
Let d = 12 + -2. What is the highest common divisor of d and 64?
2
Let y(u) be the second derivative of 2*u**3/3 + 7*u**2/2 - 2*u. Let a be y(4). Let k = -14 + a. What is the greatest common divisor of 99 and k?
9
Let z = 332 - 316. Let i = 140 + -76. What is the highest common factor of i and z?
16
Let k = -446 - -506. Calculate the highest common factor of 24 and k.
12
Let r be (5/(5/(-8)))/(-1). Let g be r/36 + (-534)/(-27). Calculate the greatest common divisor of g and 4.
4
Let j be -5 + 1/(((-42)/246)/(-7)). Calculate the greatest common factor of 162 and j.
18
Let t be 6/(-15) - (3 + (-67)/5). Let p(c) = -5*c - 1. Let a = -2 - -1. Let v be p(a). What is the highest common factor of t and v?
2
Let u(i) = -10*i - 6. Suppose -2*h - 13 = -1. Let j be u(h). What is the greatest common divisor of 36 and j?
18
Suppose 7*g - 99 + 15 = 0. Calculate the highest common factor of 102 and g.
6
Let d be 5/(-2*1/(-280)). Suppose 140 = -5*z + d. What is the greatest common factor of z and 14?
14
Let s be (-75)/(-200) + 378/16. Calculate the highest common divisor of 84 and s.
12
Suppose 0 = 5*d + 25, 9*d - 34 = -s + 7*d. Calculate the greatest common divisor of 396 and s.
44
Let d = -6 + 39. Calculate the greatest common divisor of 55 and d.
11
Suppose 0 = 5*b + q - 5*q - 26, -3*q = -5*b + 22. Suppose 0 = b*n - 81 + 31. Calculate the greatest common factor of n and 10.
5
Let b(w) = 25*w + 25. Let h be b(1). Calculate the highest common divisor of 5 and h.
5
Let s(h) be the third derivative of -h**4/6 - 10*h**3/3 + 38*h**2. Let u be s(-13). Calculate the greatest common factor of u and 288.
32
Let f(i) be the second derivative of -i**3/3 - 17*i**2/2 + 10*i. Let j be f(-13). Calculate the greatest common factor of j and 18.
9
Suppose -29*w = -27*w - 14. Let r = 24 + w. What is the greatest common divisor of r and 155?
31
Let w = -1276 - -1324. Calculate the highest common divisor of 408 and w.
24
Suppose -t + 4 = 36. Let h = -10 - t. Let j = -18 + h. Calculate the greatest common factor of 40 and j.
4
Let s = 109 + -160. Let l = 5 - s. What is the greatest common factor of 14 and l?
14
Suppose 0 = -2*o + 4, 0*o = -3*x + 2*o + 77. Let v(c) = -c**2 + 16*c - 1. Let r be v(5). Calculate the greatest common factor of x and r.
27
Suppose -2*v = -6 + 2. Let q be (-3 - 1) + -3 + 7. Suppose q*s + 8 = 2*s. What is the greatest common divisor of v and s?
2
Let v = 2198 + -456. Calculate the highest common divisor of 52 and v.
26
Suppose -5*w = 4*h + 25, 9 + 3 = -2*w - 2*h. Let x(d) = -37*d**3 - 2*d**2 - 2*d - 1. Let f be x(w). Calculate the greatest common factor of f and 60.
12
Let o = -13 + 22. Let b(p) = 2*p**2 + 6*p - 17. Suppose 0 = 6*t - 2*t - 20. Let x be b(t). What is the highest common factor of x and o?
9
Let g be 3*(-427)/(-21) + -5. Calculate the greatest common factor of 140 and g.
28
Let f(t) = t**2 - 10*t + 2. Let d(k) = -8*k**3 + 2*k**2 - 1. Let l be d(1). Let m be f(l). What is the greatest common factor of m and 11?
11
Suppose 2*n - 107 = -27. Suppose 0 = r - x - 205, -21*r + 4*x = -23*r + 380. Calculate the greatest common divisor of r and n.
4